{"id":5403,"date":"2025-09-23T12:22:52","date_gmt":"2025-09-23T15:22:52","guid":{"rendered":"https:\/\/www.ilposto.cl\/colaborador\/laura-ibanez-kuzmanic\/"},"modified":"2025-11-26T10:48:28","modified_gmt":"2025-11-26T13:48:28","slug":"laura-ibanez-kuzmanic","status":"publish","type":"colaborador","link":"https:\/\/www.ilposto.cl\/en\/colaborador\/laura-ibanez-kuzmanic\/","title":{"rendered":"Laura Ib\u00e1\u00f1ez Kuzmanic"},"content":{"rendered":"","protected":false},"excerpt":{"rendered":"<p>Laura Ib\u00e1\u00f1ez Kuzmanic (1997) is a cultural manager and producer who works on issues related to heritage and community. She studied for a Bachelor&#8217;s Degree in Visual Arts and a Bachelor&#8217;s Degree in Aesthetics at the Pontifical Catholic University of Chile and an MA in Arts Politics at New York University, funded by the Conicyt Chile Scholarship (ANID). She has worked in various cultural organizations in Chile, Japan, and the United States. She has experience in arts education, teaching, management, and cultural event production. <\/p>\n","protected":false},"featured_media":0,"template":"","meta":{"_acf_changed":false},"class_list":["post-5403","colaborador","type-colaborador","status-publish","hentry"],"acf":[],"yoast_head":"<!-- This site is optimized with the Yoast SEO plugin v26.1.1 - https:\/\/yoast.com\/wordpress\/plugins\/seo\/ -->\n<title>Laura Ib\u00e1\u00f1ez Kuzmanic - IL Posto<\/title>\n<meta name=\"robots\" content=\"index, follow, max-snippet:-1, max-image-preview:large, max-video-preview:-1\" \/>\n<link rel=\"canonical\" href=\"https:\/\/www.ilposto.cl\/en\/colaborador\/laura-ibanez-kuzmanic\/\" \/>\n<meta property=\"og:locale\" content=\"en_US\" \/>\n<meta property=\"og:type\" content=\"article\" \/>\n<meta property=\"og:title\" content=\"Laura Ib\u00e1\u00f1ez Kuzmanic - IL Posto\" \/>\n<meta property=\"og:description\" content=\"Laura Ib\u00e1\u00f1ez Kuzmanic (1997) is a cultural manager and producer who works on issues related to heritage and community. She studied for a Bachelor&#039;s Degree in Visual Arts and a Bachelor&#039;s Degree in Aesthetics at the Pontifical Catholic University of Chile and an MA in Arts Politics at New York University, funded by the Conicyt Chile Scholarship (ANID). She has worked in various cultural organizations in Chile, Japan, and the United States. She has experience in arts education, teaching, management, and cultural event production.\" \/>\n<meta property=\"og:url\" content=\"https:\/\/www.ilposto.cl\/en\/colaborador\/laura-ibanez-kuzmanic\/\" \/>\n<meta property=\"og:site_name\" content=\"IL Posto\" \/>\n<meta property=\"article:modified_time\" content=\"2025-11-26T13:48:28+00:00\" \/>\n<meta name=\"twitter:card\" content=\"summary_large_image\" \/>\n<script type=\"application\/ld+json\" class=\"yoast-schema-graph\">{\"@context\":\"https:\/\/schema.org\",\"@graph\":[{\"@type\":\"WebPage\",\"@id\":\"https:\/\/www.ilposto.cl\/en\/colaborador\/laura-ibanez-kuzmanic\/\",\"url\":\"https:\/\/www.ilposto.cl\/en\/colaborador\/laura-ibanez-kuzmanic\/\",\"name\":\"Laura Ib\u00e1\u00f1ez Kuzmanic - IL Posto\",\"isPartOf\":{\"@id\":\"https:\/\/www.ilposto.cl\/en\/#website\"},\"datePublished\":\"2025-09-23T15:22:52+00:00\",\"dateModified\":\"2025-11-26T13:48:28+00:00\",\"breadcrumb\":{\"@id\":\"https:\/\/www.ilposto.cl\/en\/colaborador\/laura-ibanez-kuzmanic\/#breadcrumb\"},\"inLanguage\":\"en-US\",\"potentialAction\":[{\"@type\":\"ReadAction\",\"target\":[\"https:\/\/www.ilposto.cl\/en\/colaborador\/laura-ibanez-kuzmanic\/\"]}]},{\"@type\":\"BreadcrumbList\",\"@id\":\"https:\/\/www.ilposto.cl\/en\/colaborador\/laura-ibanez-kuzmanic\/#breadcrumb\",\"itemListElement\":[{\"@type\":\"ListItem\",\"position\":1,\"name\":\"Portada\",\"item\":\"https:\/\/www.ilposto.cl\/en\/\"},{\"@type\":\"ListItem\",\"position\":2,\"name\":\"Laura Ib\u00e1\u00f1ez Kuzmanic\"}]},{\"@type\":\"WebSite\",\"@id\":\"https:\/\/www.ilposto.cl\/en\/#website\",\"url\":\"https:\/\/www.ilposto.cl\/en\/\",\"name\":\"IL Posto\",\"description\":\"Another Wordpress site\",\"potentialAction\":[{\"@type\":\"SearchAction\",\"target\":{\"@type\":\"EntryPoint\",\"urlTemplate\":\"https:\/\/www.ilposto.cl\/en\/?s={search_term_string}\"},\"query-input\":{\"@type\":\"PropertyValueSpecification\",\"valueRequired\":true,\"valueName\":\"search_term_string\"}}],\"inLanguage\":\"en-US\"}]}<\/script>\n<!-- \/ Yoast SEO plugin. -->","yoast_head_json":{"title":"Laura Ib\u00e1\u00f1ez Kuzmanic - IL Posto","robots":{"index":"index","follow":"follow","max-snippet":"max-snippet:-1","max-image-preview":"max-image-preview:large","max-video-preview":"max-video-preview:-1"},"canonical":"https:\/\/www.ilposto.cl\/en\/colaborador\/laura-ibanez-kuzmanic\/","og_locale":"en_US","og_type":"article","og_title":"Laura Ib\u00e1\u00f1ez Kuzmanic - IL Posto","og_description":"Laura Ib\u00e1\u00f1ez Kuzmanic (1997) is a cultural manager and producer who works on issues related to heritage and community. She studied for a Bachelor's Degree in Visual Arts and a Bachelor's Degree in Aesthetics at the Pontifical Catholic University of Chile and an MA in Arts Politics at New York University, funded by the Conicyt Chile Scholarship (ANID). She has worked in various cultural organizations in Chile, Japan, and the United States. She has experience in arts education, teaching, management, and cultural event production.","og_url":"https:\/\/www.ilposto.cl\/en\/colaborador\/laura-ibanez-kuzmanic\/","og_site_name":"IL Posto","article_modified_time":"2025-11-26T13:48:28+00:00","twitter_card":"summary_large_image","schema":{"@context":"https:\/\/schema.org","@graph":[{"@type":"WebPage","@id":"https:\/\/www.ilposto.cl\/en\/colaborador\/laura-ibanez-kuzmanic\/","url":"https:\/\/www.ilposto.cl\/en\/colaborador\/laura-ibanez-kuzmanic\/","name":"Laura Ib\u00e1\u00f1ez Kuzmanic - IL Posto","isPartOf":{"@id":"https:\/\/www.ilposto.cl\/en\/#website"},"datePublished":"2025-09-23T15:22:52+00:00","dateModified":"2025-11-26T13:48:28+00:00","breadcrumb":{"@id":"https:\/\/www.ilposto.cl\/en\/colaborador\/laura-ibanez-kuzmanic\/#breadcrumb"},"inLanguage":"en-US","potentialAction":[{"@type":"ReadAction","target":["https:\/\/www.ilposto.cl\/en\/colaborador\/laura-ibanez-kuzmanic\/"]}]},{"@type":"BreadcrumbList","@id":"https:\/\/www.ilposto.cl\/en\/colaborador\/laura-ibanez-kuzmanic\/#breadcrumb","itemListElement":[{"@type":"ListItem","position":1,"name":"Portada","item":"https:\/\/www.ilposto.cl\/en\/"},{"@type":"ListItem","position":2,"name":"Laura Ib\u00e1\u00f1ez Kuzmanic"}]},{"@type":"WebSite","@id":"https:\/\/www.ilposto.cl\/en\/#website","url":"https:\/\/www.ilposto.cl\/en\/","name":"IL Posto","description":"Another Wordpress site","potentialAction":[{"@type":"SearchAction","target":{"@type":"EntryPoint","urlTemplate":"https:\/\/www.ilposto.cl\/en\/?s={search_term_string}"},"query-input":{"@type":"PropertyValueSpecification","valueRequired":true,"valueName":"search_term_string"}}],"inLanguage":"en-US"}]}},"_links":{"self":[{"href":"https:\/\/www.ilposto.cl\/en\/wp-json\/wp\/v2\/colaborador\/5403","targetHints":{"allow":["GET"]}}],"collection":[{"href":"https:\/\/www.ilposto.cl\/en\/wp-json\/wp\/v2\/colaborador"}],"about":[{"href":"https:\/\/www.ilposto.cl\/en\/wp-json\/wp\/v2\/types\/colaborador"}],"wp:attachment":[{"href":"https:\/\/www.ilposto.cl\/en\/wp-json\/wp\/v2\/media?parent=5403"}],"curies":[{"name":"wp","href":"https:\/\/api.w.org\/{rel}","templated":true}]}}

Laura Ibáñez Kuzmanic

<p>Laura Ibáñez Kuzmanic (1997) is a cultural manager and producer who works on issues related to heritage and community. She studied for a Bachelor&#8217;s Degree in Visual Arts and a Bachelor&#8217;s Degree in Aesthetics at the Pontifical Catholic University of Chile and an MA in Arts Politics at New York University, funded by the Conicyt Chile Scholarship (ANID). She has worked in various cultural organizations in Chile, Japan, and the United States. She has experience in arts education, teaching, management, and cultural event production. </p>

<!-- This site is optimized with the Yoast SEO plugin v26.1.1 - https://yoast.com/wordpress/plugins/seo/ -->
<title>Laura Ibáñez Kuzmanic - IL Posto</title>
<meta name="robots" content="index, follow, max-snippet:-1, max-image-preview:large, max-video-preview:-1" />
<link rel="canonical" href="https://www.ilposto.cl/en/colaborador/laura-ibanez-kuzmanic/" />
<meta property="og:locale" content="en_US" />
<meta property="og:type" content="article" />
<meta property="og:title" content="Laura Ibáñez Kuzmanic - IL Posto" />
<meta property="og:description" content="Laura Ibáñez Kuzmanic (1997) is a cultural manager and producer who works on issues related to heritage and community. She studied for a Bachelor&#039;s Degree in Visual Arts and a Bachelor&#039;s Degree in Aesthetics at the Pontifical Catholic University of Chile and an MA in Arts Politics at New York University, funded by the Conicyt Chile Scholarship (ANID). She has worked in various cultural organizations in Chile, Japan, and the United States. She has experience in arts education, teaching, management, and cultural event production." />
<meta property="og:url" content="https://www.ilposto.cl/en/colaborador/laura-ibanez-kuzmanic/" />
<meta property="og:site_name" content="IL Posto" />
<meta property="article:modified_time" content="2025-11-26T13:48:28+00:00" />
<meta name="twitter:card" content="summary_large_image" />
<script type="application/ld+json" class="yoast-schema-graph">{"@context":"https://schema.org","@graph":[{"@type":"WebPage","@id":"https://www.ilposto.cl/en/colaborador/laura-ibanez-kuzmanic/","url":"https://www.ilposto.cl/en/colaborador/laura-ibanez-kuzmanic/","name":"Laura Ibáñez Kuzmanic - IL Posto","isPartOf":{"@id":"https://www.ilposto.cl/en/#website"},"datePublished":"2025-09-23T15:22:52+00:00","dateModified":"2025-11-26T13:48:28+00:00","breadcrumb":{"@id":"https://www.ilposto.cl/en/colaborador/laura-ibanez-kuzmanic/#breadcrumb"},"inLanguage":"en-US","potentialAction":[{"@type":"ReadAction","target":["https://www.ilposto.cl/en/colaborador/laura-ibanez-kuzmanic/"]}]},{"@type":"BreadcrumbList","@id":"https://www.ilposto.cl/en/colaborador/laura-ibanez-kuzmanic/#breadcrumb","itemListElement":[{"@type":"ListItem","position":1,"name":"Portada","item":"https://www.ilposto.cl/en/"},{"@type":"ListItem","position":2,"name":"Laura Ibáñez Kuzmanic"}]},{"@type":"WebSite","@id":"https://www.ilposto.cl/en/#website","url":"https://www.ilposto.cl/en/","name":"IL Posto","description":"Another Wordpress site","potentialAction":[{"@type":"SearchAction","target":{"@type":"EntryPoint","urlTemplate":"https://www.ilposto.cl/en/?s={search_term_string}"},"query-input":{"@type":"PropertyValueSpecification","valueRequired":true,"valueName":"search_term_string"}}],"inLanguage":"en-US"}]}</script>
<!-- / Yoast SEO plugin. -->

Laura Ibáñez Kuzmanic - IL Posto

Laura Ibáñez Kuzmanic (1997) is a cultural manager and producer who works on issues related to heritage and community. She studied for a Bachelor's Degree in Visual Arts and a Bachelor's Degree in Aesthetics at the Pontifical Catholic University of Chile and an MA in Arts Politics at New York University, funded by the Conicyt Chile Scholarship (ANID). She has worked in various cultural organizations in Chile, Japan, and the United States. She has experience in arts education, teaching, management, and cultural event production.
