{"id":5434,"date":"2023-09-06T14:57:55","date_gmt":"2023-09-06T17:57:55","guid":{"rendered":"https:\/\/www.ilposto.cl\/colaborador\/federico-galende\/"},"modified":"2025-11-26T11:08:27","modified_gmt":"2025-11-26T14:08:27","slug":"federico-galende","status":"publish","type":"colaborador","link":"https:\/\/www.ilposto.cl\/en\/colaborador\/federico-galende\/","title":{"rendered":"Federico Galende"},"content":{"rendered":"","protected":false},"excerpt":{"rendered":"<p>Writer, philosopher, and professor at the University of Chile. His published works include, among others, Me dijo Miranda (2022), La vida inmueble (2022), Retrato del artista como Samur\u00e1i  (2020), Fitraciones. Conversaciones sobre el arte en Chile (2019), and Ranci\u00e8re. El presupuesto de la igualdad en la pol\u00edtica y en la est\u00e9tica (2019). He currently serves as Director of Outreach and Communications at the Faculty of Arts of the University of Chile.<\/p>\n","protected":false},"featured_media":0,"template":"","meta":{"_acf_changed":false},"class_list":["post-5434","colaborador","type-colaborador","status-publish","hentry"],"acf":[],"yoast_head":"<!-- This site is optimized with the Yoast SEO plugin v26.1.1 - https:\/\/yoast.com\/wordpress\/plugins\/seo\/ -->\n<title>Federico Galende - IL Posto<\/title>\n<meta name=\"robots\" content=\"index, follow, max-snippet:-1, max-image-preview:large, max-video-preview:-1\" \/>\n<link rel=\"canonical\" href=\"https:\/\/www.ilposto.cl\/en\/colaborador\/federico-galende\/\" \/>\n<meta property=\"og:locale\" content=\"en_US\" \/>\n<meta property=\"og:type\" content=\"article\" \/>\n<meta property=\"og:title\" content=\"Federico Galende - IL Posto\" \/>\n<meta property=\"og:description\" content=\"Writer, philosopher, and professor at the University of Chile. His published works include, among others, Me dijo Miranda (2022), La vida inmueble (2022), Retrato del artista como Samur\u00e1i (2020), Fitraciones. Conversaciones sobre el arte en Chile (2019), and Ranci\u00e8re. El presupuesto de la igualdad en la pol\u00edtica y en la est\u00e9tica (2019). He currently serves as Director of Outreach and Communications at the Faculty of Arts of the University of Chile.\" \/>\n<meta property=\"og:url\" content=\"https:\/\/www.ilposto.cl\/en\/colaborador\/federico-galende\/\" \/>\n<meta property=\"og:site_name\" content=\"IL Posto\" \/>\n<meta property=\"article:modified_time\" content=\"2025-11-26T14:08:27+00:00\" \/>\n<meta name=\"twitter:card\" content=\"summary_large_image\" \/>\n<script type=\"application\/ld+json\" class=\"yoast-schema-graph\">{\"@context\":\"https:\/\/schema.org\",\"@graph\":[{\"@type\":\"WebPage\",\"@id\":\"https:\/\/www.ilposto.cl\/en\/colaborador\/federico-galende\/\",\"url\":\"https:\/\/www.ilposto.cl\/en\/colaborador\/federico-galende\/\",\"name\":\"Federico Galende - IL Posto\",\"isPartOf\":{\"@id\":\"https:\/\/www.ilposto.cl\/en\/#website\"},\"datePublished\":\"2023-09-06T17:57:55+00:00\",\"dateModified\":\"2025-11-26T14:08:27+00:00\",\"breadcrumb\":{\"@id\":\"https:\/\/www.ilposto.cl\/en\/colaborador\/federico-galende\/#breadcrumb\"},\"inLanguage\":\"en-US\",\"potentialAction\":[{\"@type\":\"ReadAction\",\"target\":[\"https:\/\/www.ilposto.cl\/en\/colaborador\/federico-galende\/\"]}]},{\"@type\":\"BreadcrumbList\",\"@id\":\"https:\/\/www.ilposto.cl\/en\/colaborador\/federico-galende\/#breadcrumb\",\"itemListElement\":[{\"@type\":\"ListItem\",\"position\":1,\"name\":\"Portada\",\"item\":\"https:\/\/www.ilposto.cl\/en\/\"},{\"@type\":\"ListItem\",\"position\":2,\"name\":\"Federico Galende\"}]},{\"@type\":\"WebSite\",\"@id\":\"https:\/\/www.ilposto.cl\/en\/#website\",\"url\":\"https:\/\/www.ilposto.cl\/en\/\",\"name\":\"IL Posto\",\"description\":\"Another Wordpress site\",\"potentialAction\":[{\"@type\":\"SearchAction\",\"target\":{\"@type\":\"EntryPoint\",\"urlTemplate\":\"https:\/\/www.ilposto.cl\/en\/?s={search_term_string}\"},\"query-input\":{\"@type\":\"PropertyValueSpecification\",\"valueRequired\":true,\"valueName\":\"search_term_string\"}}],\"inLanguage\":\"en-US\"}]}<\/script>\n<!-- \/ Yoast SEO plugin. -->","yoast_head_json":{"title":"Federico Galende - IL Posto","robots":{"index":"index","follow":"follow","max-snippet":"max-snippet:-1","max-image-preview":"max-image-preview:large","max-video-preview":"max-video-preview:-1"},"canonical":"https:\/\/www.ilposto.cl\/en\/colaborador\/federico-galende\/","og_locale":"en_US","og_type":"article","og_title":"Federico Galende - IL Posto","og_description":"Writer, philosopher, and professor at the University of Chile. His published works include, among others, Me dijo Miranda (2022), La vida inmueble (2022), Retrato del artista como Samur\u00e1i (2020), Fitraciones. Conversaciones sobre el arte en Chile (2019), and Ranci\u00e8re. El presupuesto de la igualdad en la pol\u00edtica y en la est\u00e9tica (2019). He currently serves as Director of Outreach and Communications at the Faculty of Arts of the University of Chile.","og_url":"https:\/\/www.ilposto.cl\/en\/colaborador\/federico-galende\/","og_site_name":"IL Posto","article_modified_time":"2025-11-26T14:08:27+00:00","twitter_card":"summary_large_image","schema":{"@context":"https:\/\/schema.org","@graph":[{"@type":"WebPage","@id":"https:\/\/www.ilposto.cl\/en\/colaborador\/federico-galende\/","url":"https:\/\/www.ilposto.cl\/en\/colaborador\/federico-galende\/","name":"Federico Galende - IL Posto","isPartOf":{"@id":"https:\/\/www.ilposto.cl\/en\/#website"},"datePublished":"2023-09-06T17:57:55+00:00","dateModified":"2025-11-26T14:08:27+00:00","breadcrumb":{"@id":"https:\/\/www.ilposto.cl\/en\/colaborador\/federico-galende\/#breadcrumb"},"inLanguage":"en-US","potentialAction":[{"@type":"ReadAction","target":["https:\/\/www.ilposto.cl\/en\/colaborador\/federico-galende\/"]}]},{"@type":"BreadcrumbList","@id":"https:\/\/www.ilposto.cl\/en\/colaborador\/federico-galende\/#breadcrumb","itemListElement":[{"@type":"ListItem","position":1,"name":"Portada","item":"https:\/\/www.ilposto.cl\/en\/"},{"@type":"ListItem","position":2,"name":"Federico Galende"}]},{"@type":"WebSite","@id":"https:\/\/www.ilposto.cl\/en\/#website","url":"https:\/\/www.ilposto.cl\/en\/","name":"IL Posto","description":"Another Wordpress site","potentialAction":[{"@type":"SearchAction","target":{"@type":"EntryPoint","urlTemplate":"https:\/\/www.ilposto.cl\/en\/?s={search_term_string}"},"query-input":{"@type":"PropertyValueSpecification","valueRequired":true,"valueName":"search_term_string"}}],"inLanguage":"en-US"}]}},"_links":{"self":[{"href":"https:\/\/www.ilposto.cl\/en\/wp-json\/wp\/v2\/colaborador\/5434","targetHints":{"allow":["GET"]}}],"collection":[{"href":"https:\/\/www.ilposto.cl\/en\/wp-json\/wp\/v2\/colaborador"}],"about":[{"href":"https:\/\/www.ilposto.cl\/en\/wp-json\/wp\/v2\/types\/colaborador"}],"wp:attachment":[{"href":"https:\/\/www.ilposto.cl\/en\/wp-json\/wp\/v2\/media?parent=5434"}],"curies":[{"name":"wp","href":"https:\/\/api.w.org\/{rel}","templated":true}]}}

<p>Writer, philosopher, and professor at the University of Chile. His published works include, among others, Me dijo Miranda (2022), La vida inmueble (2022), Retrato del artista como Samurái  (2020), Fitraciones. Conversaciones sobre el arte en Chile (2019), and Rancière. El presupuesto de la igualdad en la política y en la estética (2019). He currently serves as Director of Outreach and Communications at the Faculty of Arts of the University of Chile.</p>

<!-- This site is optimized with the Yoast SEO plugin v26.1.1 - https://yoast.com/wordpress/plugins/seo/ -->
<title>Federico Galende - IL Posto</title>
<meta name="robots" content="index, follow, max-snippet:-1, max-image-preview:large, max-video-preview:-1" />
<link rel="canonical" href="https://www.ilposto.cl/en/colaborador/federico-galende/" />
<meta property="og:locale" content="en_US" />
<meta property="og:type" content="article" />
<meta property="og:title" content="Federico Galende - IL Posto" />
<meta property="og:description" content="Writer, philosopher, and professor at the University of Chile. His published works include, among others, Me dijo Miranda (2022), La vida inmueble (2022), Retrato del artista como Samurái (2020), Fitraciones. Conversaciones sobre el arte en Chile (2019), and Rancière. El presupuesto de la igualdad en la política y en la estética (2019). He currently serves as Director of Outreach and Communications at the Faculty of Arts of the University of Chile." />
<meta property="og:url" content="https://www.ilposto.cl/en/colaborador/federico-galende/" />
<meta property="og:site_name" content="IL Posto" />
<meta property="article:modified_time" content="2025-11-26T14:08:27+00:00" />
<meta name="twitter:card" content="summary_large_image" />
<script type="application/ld+json" class="yoast-schema-graph">{"@context":"https://schema.org","@graph":[{"@type":"WebPage","@id":"https://www.ilposto.cl/en/colaborador/federico-galende/","url":"https://www.ilposto.cl/en/colaborador/federico-galende/","name":"Federico Galende - IL Posto","isPartOf":{"@id":"https://www.ilposto.cl/en/#website"},"datePublished":"2023-09-06T17:57:55+00:00","dateModified":"2025-11-26T14:08:27+00:00","breadcrumb":{"@id":"https://www.ilposto.cl/en/colaborador/federico-galende/#breadcrumb"},"inLanguage":"en-US","potentialAction":[{"@type":"ReadAction","target":["https://www.ilposto.cl/en/colaborador/federico-galende/"]}]},{"@type":"BreadcrumbList","@id":"https://www.ilposto.cl/en/colaborador/federico-galende/#breadcrumb","itemListElement":[{"@type":"ListItem","position":1,"name":"Portada","item":"https://www.ilposto.cl/en/"},{"@type":"ListItem","position":2,"name":"Federico Galende"}]},{"@type":"WebSite","@id":"https://www.ilposto.cl/en/#website","url":"https://www.ilposto.cl/en/","name":"IL Posto","description":"Another Wordpress site","potentialAction":[{"@type":"SearchAction","target":{"@type":"EntryPoint","urlTemplate":"https://www.ilposto.cl/en/?s={search_term_string}"},"query-input":{"@type":"PropertyValueSpecification","valueRequired":true,"valueName":"search_term_string"}}],"inLanguage":"en-US"}]}</script>
<!-- / Yoast SEO plugin. -->

Writer, philosopher, and professor at the University of Chile. His published works include, among others, Me dijo Miranda (2022), La vida inmueble (2022), Retrato del artista como Samurái (2020), Fitraciones. Conversaciones sobre el arte en Chile (2019), and Rancière. El presupuesto de la igualdad en la política y en la estética (2019). He currently serves as Director of Outreach and Communications at the Faculty of Arts of the University of Chile.
