{"id":5518,"date":"2025-05-20T18:35:11","date_gmt":"2025-05-20T22:35:11","guid":{"rendered":"https:\/\/www.ilposto.cl\/evento\/lanzamiento-de-las-uvas-y-el-viento-libro-monografico-20-anos-hoffmanns-house-los-nuevos-sensibles\/"},"modified":"2025-10-21T17:14:48","modified_gmt":"2025-10-21T20:14:48","slug":"release-of-the-grapes-and-the-wind-monographic-book-20-years-hoffmanns-house-the-new-sensitives","status":"publish","type":"evento","link":"https:\/\/www.ilposto.cl\/en\/event\/release-of-the-grapes-and-the-wind-monographic-book-20-years-hoffmanns-house-the-new-sensitives\/","title":{"rendered":"Launch of \u2018Las uvas y el viento: Monographic book 20 years of Hoffmann&#8217;s House \/ Los Nuevos Sensibles\u2019"},"content":{"rendered":"","protected":false},"excerpt":{"rendered":"<p>On Wednesday, 28 May, at 6 p.m., Il Posto Documentos will host the launch of the book Las uvas y el viento: Libro monogr\u00e1fico 20 a\u00f1os Hoffmann&#8217;s House \/ Los Nuevos Sensibles (The Grapes and the Wind: Monographic Book 20 Years of Hoffmann&#8217;s House \/ Los Nuevos Sensibles). The event will feature curator Paula Solimano and artists Mario Navarro, Rodrigo Vergara, and Jos\u00e9 Pablo D\u00edaz, along with an intervention by artist Gonzalo D\u00edaz. <\/p>\n","protected":false},"featured_media":0,"menu_order":0,"template":"","meta":{"_acf_changed":false},"eventos_category":[47],"class_list":["post-5518","evento","type-evento","status-publish","hentry","eventos_category-launch"],"acf":{"sala":["B - Investigation Center"],"sala2":["arch"],"fecha_evento":"20250528","calendario":"2025-05-28 18:00:00","imagen_listado":5519,"disponible":["Disponible"]},"yoast_head":"<!-- This site is optimized with the Yoast SEO plugin v26.1.1 - https:\/\/yoast.com\/wordpress\/plugins\/seo\/ -->\n<title>Launch of \u2018Las uvas y el viento: Monographic book 20 years of Hoffmann&#039;s House \/ Los Nuevos Sensibles\u2019 - IL Posto<\/title>\n<meta name=\"robots\" content=\"index, follow, max-snippet:-1, max-image-preview:large, max-video-preview:-1\" \/>\n<link rel=\"canonical\" href=\"https:\/\/www.ilposto.cl\/en\/event\/release-of-the-grapes-and-the-wind-monographic-book-20-years-hoffmanns-house-the-new-sensitives\/\" \/>\n<meta property=\"og:locale\" content=\"en_US\" \/>\n<meta property=\"og:type\" content=\"article\" \/>\n<meta property=\"og:title\" content=\"Launch of \u2018Las uvas y el viento: Monographic book 20 years of Hoffmann&#039;s House \/ Los Nuevos Sensibles\u2019 - IL Posto\" \/>\n<meta property=\"og:description\" content=\"On Wednesday, 28 May, at 6 p.m., Il Posto Documentos will host the launch of the book Las uvas y el viento: Libro monogr\u00e1fico 20 a\u00f1os Hoffmann&#039;s House \/ Los Nuevos Sensibles (The Grapes and the Wind: Monographic Book 20 Years of Hoffmann&#039;s House \/ Los Nuevos Sensibles). The event will feature curator Paula Solimano and artists Mario Navarro, Rodrigo Vergara, and Jos\u00e9 Pablo D\u00edaz, along with an intervention by artist Gonzalo D\u00edaz.\" \/>\n<meta property=\"og:url\" content=\"https:\/\/www.ilposto.cl\/en\/event\/release-of-the-grapes-and-the-wind-monographic-book-20-years-hoffmanns-house-the-new-sensitives\/\" \/>\n<meta property=\"og:site_name\" content=\"IL Posto\" \/>\n<meta property=\"article:modified_time\" content=\"2025-10-21T20:14:48+00:00\" \/>\n<meta name=\"twitter:card\" content=\"summary_large_image\" \/>\n<script type=\"application\/ld+json\" class=\"yoast-schema-graph\">{\"@context\":\"https:\/\/schema.org\",\"@graph\":[{\"@type\":\"WebPage\",\"@id\":\"https:\/\/www.ilposto.cl\/en\/event\/release-of-the-grapes-and-the-wind-monographic-book-20-years-hoffmanns-house-the-new-sensitives\/\",\"url\":\"https:\/\/www.ilposto.cl\/en\/event\/release-of-the-grapes-and-the-wind-monographic-book-20-years-hoffmanns-house-the-new-sensitives\/\",\"name\":\"Launch of \u2018Las uvas y el viento: Monographic book 20 years of Hoffmann's House \/ Los Nuevos Sensibles\u2019 - IL Posto\",\"isPartOf\":{\"@id\":\"https:\/\/www.ilposto.cl\/en\/#website\"},\"datePublished\":\"2025-05-20T22:35:11+00:00\",\"dateModified\":\"2025-10-21T20:14:48+00:00\",\"breadcrumb\":{\"@id\":\"https:\/\/www.ilposto.cl\/en\/event\/release-of-the-grapes-and-the-wind-monographic-book-20-years-hoffmanns-house-the-new-sensitives\/#breadcrumb\"},\"inLanguage\":\"en-US\",\"potentialAction\":[{\"@type\":\"ReadAction\",\"target\":[\"https:\/\/www.ilposto.cl\/en\/event\/release-of-the-grapes-and-the-wind-monographic-book-20-years-hoffmanns-house-the-new-sensitives\/\"]}]},{\"@type\":\"BreadcrumbList\",\"@id\":\"https:\/\/www.ilposto.cl\/en\/event\/release-of-the-grapes-and-the-wind-monographic-book-20-years-hoffmanns-house-the-new-sensitives\/#breadcrumb\",\"itemListElement\":[{\"@type\":\"ListItem\",\"position\":1,\"name\":\"Portada\",\"item\":\"https:\/\/www.ilposto.cl\/en\/\"},{\"@type\":\"ListItem\",\"position\":2,\"name\":\"Launch of \u2018Las uvas y el viento: Monographic book 20 years of Hoffmann&#8217;s House \/ Los Nuevos Sensibles\u2019\"}]},{\"@type\":\"WebSite\",\"@id\":\"https:\/\/www.ilposto.cl\/en\/#website\",\"url\":\"https:\/\/www.ilposto.cl\/en\/\",\"name\":\"IL Posto\",\"description\":\"Another Wordpress site\",\"potentialAction\":[{\"@type\":\"SearchAction\",\"target\":{\"@type\":\"EntryPoint\",\"urlTemplate\":\"https:\/\/www.ilposto.cl\/en\/?s={search_term_string}\"},\"query-input\":{\"@type\":\"PropertyValueSpecification\",\"valueRequired\":true,\"valueName\":\"search_term_string\"}}],\"inLanguage\":\"en-US\"}]}<\/script>\n<!-- \/ Yoast SEO plugin. -->","yoast_head_json":{"title":"Launch of \u2018Las uvas y el viento: Monographic book 20 years of Hoffmann's House \/ Los Nuevos Sensibles\u2019 - IL Posto","robots":{"index":"index","follow":"follow","max-snippet":"max-snippet:-1","max-image-preview":"max-image-preview:large","max-video-preview":"max-video-preview:-1"},"canonical":"https:\/\/www.ilposto.cl\/en\/event\/release-of-the-grapes-and-the-wind-monographic-book-20-years-hoffmanns-house-the-new-sensitives\/","og_locale":"en_US","og_type":"article","og_title":"Launch of \u2018Las uvas y el viento: Monographic book 20 years of Hoffmann's House \/ Los Nuevos Sensibles\u2019 - IL Posto","og_description":"On Wednesday, 28 May, at 6 p.m., Il Posto Documentos will host the launch of the book Las uvas y el viento: Libro monogr\u00e1fico 20 a\u00f1os Hoffmann's House \/ Los Nuevos Sensibles (The Grapes and the Wind: Monographic Book 20 Years of Hoffmann's House \/ Los Nuevos Sensibles). The event will feature curator Paula Solimano and artists Mario Navarro, Rodrigo Vergara, and Jos\u00e9 Pablo D\u00edaz, along with an intervention by artist Gonzalo D\u00edaz.","og_url":"https:\/\/www.ilposto.cl\/en\/event\/release-of-the-grapes-and-the-wind-monographic-book-20-years-hoffmanns-house-the-new-sensitives\/","og_site_name":"IL Posto","article_modified_time":"2025-10-21T20:14:48+00:00","twitter_card":"summary_large_image","schema":{"@context":"https:\/\/schema.org","@graph":[{"@type":"WebPage","@id":"https:\/\/www.ilposto.cl\/en\/event\/release-of-the-grapes-and-the-wind-monographic-book-20-years-hoffmanns-house-the-new-sensitives\/","url":"https:\/\/www.ilposto.cl\/en\/event\/release-of-the-grapes-and-the-wind-monographic-book-20-years-hoffmanns-house-the-new-sensitives\/","name":"Launch of \u2018Las uvas y el viento: Monographic book 20 years of Hoffmann's House \/ Los Nuevos Sensibles\u2019 - IL Posto","isPartOf":{"@id":"https:\/\/www.ilposto.cl\/en\/#website"},"datePublished":"2025-05-20T22:35:11+00:00","dateModified":"2025-10-21T20:14:48+00:00","breadcrumb":{"@id":"https:\/\/www.ilposto.cl\/en\/event\/release-of-the-grapes-and-the-wind-monographic-book-20-years-hoffmanns-house-the-new-sensitives\/#breadcrumb"},"inLanguage":"en-US","potentialAction":[{"@type":"ReadAction","target":["https:\/\/www.ilposto.cl\/en\/event\/release-of-the-grapes-and-the-wind-monographic-book-20-years-hoffmanns-house-the-new-sensitives\/"]}]},{"@type":"BreadcrumbList","@id":"https:\/\/www.ilposto.cl\/en\/event\/release-of-the-grapes-and-the-wind-monographic-book-20-years-hoffmanns-house-the-new-sensitives\/#breadcrumb","itemListElement":[{"@type":"ListItem","position":1,"name":"Portada","item":"https:\/\/www.ilposto.cl\/en\/"},{"@type":"ListItem","position":2,"name":"Launch of \u2018Las uvas y el viento: Monographic book 20 years of Hoffmann&#8217;s House \/ Los Nuevos Sensibles\u2019"}]},{"@type":"WebSite","@id":"https:\/\/www.ilposto.cl\/en\/#website","url":"https:\/\/www.ilposto.cl\/en\/","name":"IL Posto","description":"Another Wordpress site","potentialAction":[{"@type":"SearchAction","target":{"@type":"EntryPoint","urlTemplate":"https:\/\/www.ilposto.cl\/en\/?s={search_term_string}"},"query-input":{"@type":"PropertyValueSpecification","valueRequired":true,"valueName":"search_term_string"}}],"inLanguage":"en-US"}]}},"_links":{"self":[{"href":"https:\/\/www.ilposto.cl\/en\/wp-json\/wp\/v2\/evento\/5518","targetHints":{"allow":["GET"]}}],"collection":[{"href":"https:\/\/www.ilposto.cl\/en\/wp-json\/wp\/v2\/evento"}],"about":[{"href":"https:\/\/www.ilposto.cl\/en\/wp-json\/wp\/v2\/types\/evento"}],"wp:attachment":[{"href":"https:\/\/www.ilposto.cl\/en\/wp-json\/wp\/v2\/media?parent=5518"}],"wp:term":[{"taxonomy":"eventos_category","embeddable":true,"href":"https:\/\/www.ilposto.cl\/en\/wp-json\/wp\/v2\/eventos_category?post=5518"}],"curies":[{"name":"wp","href":"https:\/\/api.w.org\/{rel}","templated":true}]}}

<p>On Wednesday, 28 May, at 6 p.m., Il Posto Documentos will host the launch of the book Las uvas y el viento: Libro monográfico 20 años Hoffmann&#8217;s House / Los Nuevos Sensibles (The Grapes and the Wind: Monographic Book 20 Years of Hoffmann&#8217;s House / Los Nuevos Sensibles). The event will feature curator Paula Solimano and artists Mario Navarro, Rodrigo Vergara, and José Pablo Díaz, along with an intervention by artist Gonzalo Díaz. </p>

<!-- This site is optimized with the Yoast SEO plugin v26.1.1 - https://yoast.com/wordpress/plugins/seo/ -->
<title>Launch of ‘Las uvas y el viento: Monographic book 20 years of Hoffmann&#039;s House / Los Nuevos Sensibles’ - IL Posto</title>
<meta name="robots" content="index, follow, max-snippet:-1, max-image-preview:large, max-video-preview:-1" />
<link rel="canonical" href="https://www.ilposto.cl/en/event/release-of-the-grapes-and-the-wind-monographic-book-20-years-hoffmanns-house-the-new-sensitives/" />
<meta property="og:locale" content="en_US" />
<meta property="og:type" content="article" />
<meta property="og:title" content="Launch of ‘Las uvas y el viento: Monographic book 20 years of Hoffmann&#039;s House / Los Nuevos Sensibles’ - IL Posto" />
<meta property="og:description" content="On Wednesday, 28 May, at 6 p.m., Il Posto Documentos will host the launch of the book Las uvas y el viento: Libro monográfico 20 años Hoffmann&#039;s House / Los Nuevos Sensibles (The Grapes and the Wind: Monographic Book 20 Years of Hoffmann&#039;s House / Los Nuevos Sensibles). The event will feature curator Paula Solimano and artists Mario Navarro, Rodrigo Vergara, and José Pablo Díaz, along with an intervention by artist Gonzalo Díaz." />
<meta property="og:url" content="https://www.ilposto.cl/en/event/release-of-the-grapes-and-the-wind-monographic-book-20-years-hoffmanns-house-the-new-sensitives/" />
<meta property="og:site_name" content="IL Posto" />
<meta property="article:modified_time" content="2025-10-21T20:14:48+00:00" />
<meta name="twitter:card" content="summary_large_image" />
<script type="application/ld+json" class="yoast-schema-graph">{"@context":"https://schema.org","@graph":[{"@type":"WebPage","@id":"https://www.ilposto.cl/en/event/release-of-the-grapes-and-the-wind-monographic-book-20-years-hoffmanns-house-the-new-sensitives/","url":"https://www.ilposto.cl/en/event/release-of-the-grapes-and-the-wind-monographic-book-20-years-hoffmanns-house-the-new-sensitives/","name":"Launch of ‘Las uvas y el viento: Monographic book 20 years of Hoffmann's House / Los Nuevos Sensibles’ - IL Posto","isPartOf":{"@id":"https://www.ilposto.cl/en/#website"},"datePublished":"2025-05-20T22:35:11+00:00","dateModified":"2025-10-21T20:14:48+00:00","breadcrumb":{"@id":"https://www.ilposto.cl/en/event/release-of-the-grapes-and-the-wind-monographic-book-20-years-hoffmanns-house-the-new-sensitives/#breadcrumb"},"inLanguage":"en-US","potentialAction":[{"@type":"ReadAction","target":["https://www.ilposto.cl/en/event/release-of-the-grapes-and-the-wind-monographic-book-20-years-hoffmanns-house-the-new-sensitives/"]}]},{"@type":"BreadcrumbList","@id":"https://www.ilposto.cl/en/event/release-of-the-grapes-and-the-wind-monographic-book-20-years-hoffmanns-house-the-new-sensitives/#breadcrumb","itemListElement":[{"@type":"ListItem","position":1,"name":"Portada","item":"https://www.ilposto.cl/en/"},{"@type":"ListItem","position":2,"name":"Launch of ‘Las uvas y el viento: Monographic book 20 years of Hoffmann&#8217;s House / Los Nuevos Sensibles’"}]},{"@type":"WebSite","@id":"https://www.ilposto.cl/en/#website","url":"https://www.ilposto.cl/en/","name":"IL Posto","description":"Another Wordpress site","potentialAction":[{"@type":"SearchAction","target":{"@type":"EntryPoint","urlTemplate":"https://www.ilposto.cl/en/?s={search_term_string}"},"query-input":{"@type":"PropertyValueSpecification","valueRequired":true,"valueName":"search_term_string"}}],"inLanguage":"en-US"}]}</script>
<!-- / Yoast SEO plugin. -->

On Wednesday, 28 May, at 6 p.m., Il Posto Documentos will host the launch of the book Las uvas y el viento: Libro monográfico 20 años Hoffmann's House / Los Nuevos Sensibles (The Grapes and the Wind: Monographic Book 20 Years of Hoffmann's House / Los Nuevos Sensibles). The event will feature curator Paula Solimano and artists Mario Navarro, Rodrigo Vergara, and José Pablo Díaz, along with an intervention by artist Gonzalo Díaz.
