{"id":5588,"date":"2023-03-26T04:18:56","date_gmt":"2023-03-26T07:18:56","guid":{"rendered":"https:\/\/www.ilposto.cl\/evento\/conferencia-miguel-a-lopez\/"},"modified":"2025-10-21T13:07:05","modified_gmt":"2025-10-21T16:07:05","slug":"conference-miguel-a-lopez","status":"publish","type":"evento","link":"https:\/\/www.ilposto.cl\/en\/event\/conference-miguel-a-lopez\/","title":{"rendered":"Curatorship and collective work"},"content":{"rendered":"<p><span style=\"font-weight: 400;\">This talk offered a thoughtful and emotional account of the work carried out by the Peruvian curator over the last six years and the ways in which curatorial and collective work intersect, focusing mainly on his experience in Central America. Through a first-person narrative, L\u00f3pez reflected on the challenge of developing editorial and exhibition programmes that produce situated knowledge and build bridges between the local and the international, and what it meant to be part of a process that transformed the working structure and governance of TEOR\/\u00e9Tica towards a model of collective leadership. <\/span><\/p>\n<p><strong>Miguel A. L\u00f3pez<\/strong> is a writer, researcher, and independent curator. His practice focuses primarily on collective processes, experimental art, feminist art, and issues of gender and sexuality as they intersect with processes of political memory. He has published books such as <i>Robar la historia, Contrarrelatos y pr\u00e1cticas art\u00edsticas de oposici\u00f3n<\/i> (Stealing History: Counter-Narratives and Artistic Practices of Opposition, 2017) and <i>Ficciones disidentes en la tierra de la misoginia<\/i> (Dissident Fictions in the Land of Misogyny, 2019).<\/p>\n","protected":false},"excerpt":{"rendered":"<p>On Thursday, 27 November, at 7:00 p.m., Miguel A. L\u00f3pez, curator alongside Gala Berger of the exhibition \u2018And suddenly there was no more shore,\u2019 visited Il Posto Documentos to give his lecture \u2018Curatorship and collective work.\u2019<\/p>\n","protected":false},"featured_media":0,"menu_order":7,"template":"","meta":{"_acf_changed":false},"eventos_category":[43],"class_list":["post-5588","evento","type-evento","status-publish","hentry","eventos_category-conference"],"acf":{"sala":["B - Investigation Center"],"sala2":["arch"],"fecha_evento":"20221127","calendario":"2022-11-27 19:00:00","imagen_listado":5589,"disponible":""},"yoast_head":"<!-- This site is optimized with the Yoast SEO plugin v26.1.1 - https:\/\/yoast.com\/wordpress\/plugins\/seo\/ -->\n<title>Curatorship and collective work - IL Posto<\/title>\n<meta name=\"description\" content=\"On Thursday, 27 November, Miguel A. L\u00f3pez visited Il Posto Documentos to give his lecture \u2018Curatorship and Collective Work\u2019.\" \/>\n<meta name=\"robots\" content=\"index, follow, max-snippet:-1, max-image-preview:large, max-video-preview:-1\" \/>\n<link rel=\"canonical\" href=\"https:\/\/www.ilposto.cl\/en\/event\/conference-miguel-a-lopez\/\" \/>\n<meta property=\"og:locale\" content=\"en_US\" \/>\n<meta property=\"og:type\" content=\"article\" \/>\n<meta property=\"og:title\" content=\"Curatorship and collective work - IL Posto\" \/>\n<meta property=\"og:description\" content=\"On Thursday, 27 November, Miguel A. L\u00f3pez visited Il Posto Documentos to give his lecture \u2018Curatorship and Collective Work\u2019.\" \/>\n<meta property=\"og:url\" content=\"https:\/\/www.ilposto.cl\/en\/event\/conference-miguel-a-lopez\/\" \/>\n<meta property=\"og:site_name\" content=\"IL Posto\" \/>\n<meta property=\"article:modified_time\" content=\"2025-10-21T16:07:05+00:00\" \/>\n<meta name=\"twitter:card\" content=\"summary_large_image\" \/>\n<meta name=\"twitter:label1\" content=\"Est. reading time\" \/>\n\t<meta name=\"twitter:data1\" content=\"1 minute\" \/>\n<script type=\"application\/ld+json\" class=\"yoast-schema-graph\">{\"@context\":\"https:\/\/schema.org\",\"@graph\":[{\"@type\":\"WebPage\",\"@id\":\"https:\/\/www.ilposto.cl\/en\/event\/conference-miguel-a-lopez\/\",\"url\":\"https:\/\/www.ilposto.cl\/en\/event\/conference-miguel-a-lopez\/\",\"name\":\"Curatorship and collective work - IL Posto\",\"isPartOf\":{\"@id\":\"https:\/\/www.ilposto.cl\/en\/#website\"},\"datePublished\":\"2023-03-26T07:18:56+00:00\",\"dateModified\":\"2025-10-21T16:07:05+00:00\",\"description\":\"On Thursday, 27 November, Miguel A. L\u00f3pez visited Il Posto Documentos to give his lecture \u2018Curatorship and Collective Work\u2019.\",\"breadcrumb\":{\"@id\":\"https:\/\/www.ilposto.cl\/en\/event\/conference-miguel-a-lopez\/#breadcrumb\"},\"inLanguage\":\"en-US\",\"potentialAction\":[{\"@type\":\"ReadAction\",\"target\":[\"https:\/\/www.ilposto.cl\/en\/event\/conference-miguel-a-lopez\/\"]}]},{\"@type\":\"BreadcrumbList\",\"@id\":\"https:\/\/www.ilposto.cl\/en\/event\/conference-miguel-a-lopez\/#breadcrumb\",\"itemListElement\":[{\"@type\":\"ListItem\",\"position\":1,\"name\":\"Portada\",\"item\":\"https:\/\/www.ilposto.cl\/en\/\"},{\"@type\":\"ListItem\",\"position\":2,\"name\":\"Curatorship and collective work\"}]},{\"@type\":\"WebSite\",\"@id\":\"https:\/\/www.ilposto.cl\/en\/#website\",\"url\":\"https:\/\/www.ilposto.cl\/en\/\",\"name\":\"IL Posto\",\"description\":\"Another Wordpress site\",\"potentialAction\":[{\"@type\":\"SearchAction\",\"target\":{\"@type\":\"EntryPoint\",\"urlTemplate\":\"https:\/\/www.ilposto.cl\/en\/?s={search_term_string}\"},\"query-input\":{\"@type\":\"PropertyValueSpecification\",\"valueRequired\":true,\"valueName\":\"search_term_string\"}}],\"inLanguage\":\"en-US\"}]}<\/script>\n<!-- \/ Yoast SEO plugin. -->","yoast_head_json":{"title":"Curatorship and collective work - IL Posto","description":"On Thursday, 27 November, Miguel A. L\u00f3pez visited Il Posto Documentos to give his lecture \u2018Curatorship and Collective Work\u2019.","robots":{"index":"index","follow":"follow","max-snippet":"max-snippet:-1","max-image-preview":"max-image-preview:large","max-video-preview":"max-video-preview:-1"},"canonical":"https:\/\/www.ilposto.cl\/en\/event\/conference-miguel-a-lopez\/","og_locale":"en_US","og_type":"article","og_title":"Curatorship and collective work - IL Posto","og_description":"On Thursday, 27 November, Miguel A. L\u00f3pez visited Il Posto Documentos to give his lecture \u2018Curatorship and Collective Work\u2019.","og_url":"https:\/\/www.ilposto.cl\/en\/event\/conference-miguel-a-lopez\/","og_site_name":"IL Posto","article_modified_time":"2025-10-21T16:07:05+00:00","twitter_card":"summary_large_image","twitter_misc":{"Est. reading time":"1 minute"},"schema":{"@context":"https:\/\/schema.org","@graph":[{"@type":"WebPage","@id":"https:\/\/www.ilposto.cl\/en\/event\/conference-miguel-a-lopez\/","url":"https:\/\/www.ilposto.cl\/en\/event\/conference-miguel-a-lopez\/","name":"Curatorship and collective work - IL Posto","isPartOf":{"@id":"https:\/\/www.ilposto.cl\/en\/#website"},"datePublished":"2023-03-26T07:18:56+00:00","dateModified":"2025-10-21T16:07:05+00:00","description":"On Thursday, 27 November, Miguel A. L\u00f3pez visited Il Posto Documentos to give his lecture \u2018Curatorship and Collective Work\u2019.","breadcrumb":{"@id":"https:\/\/www.ilposto.cl\/en\/event\/conference-miguel-a-lopez\/#breadcrumb"},"inLanguage":"en-US","potentialAction":[{"@type":"ReadAction","target":["https:\/\/www.ilposto.cl\/en\/event\/conference-miguel-a-lopez\/"]}]},{"@type":"BreadcrumbList","@id":"https:\/\/www.ilposto.cl\/en\/event\/conference-miguel-a-lopez\/#breadcrumb","itemListElement":[{"@type":"ListItem","position":1,"name":"Portada","item":"https:\/\/www.ilposto.cl\/en\/"},{"@type":"ListItem","position":2,"name":"Curatorship and collective work"}]},{"@type":"WebSite","@id":"https:\/\/www.ilposto.cl\/en\/#website","url":"https:\/\/www.ilposto.cl\/en\/","name":"IL Posto","description":"Another Wordpress site","potentialAction":[{"@type":"SearchAction","target":{"@type":"EntryPoint","urlTemplate":"https:\/\/www.ilposto.cl\/en\/?s={search_term_string}"},"query-input":{"@type":"PropertyValueSpecification","valueRequired":true,"valueName":"search_term_string"}}],"inLanguage":"en-US"}]}},"_links":{"self":[{"href":"https:\/\/www.ilposto.cl\/en\/wp-json\/wp\/v2\/evento\/5588","targetHints":{"allow":["GET"]}}],"collection":[{"href":"https:\/\/www.ilposto.cl\/en\/wp-json\/wp\/v2\/evento"}],"about":[{"href":"https:\/\/www.ilposto.cl\/en\/wp-json\/wp\/v2\/types\/evento"}],"wp:attachment":[{"href":"https:\/\/www.ilposto.cl\/en\/wp-json\/wp\/v2\/media?parent=5588"}],"wp:term":[{"taxonomy":"eventos_category","embeddable":true,"href":"https:\/\/www.ilposto.cl\/en\/wp-json\/wp\/v2\/eventos_category?post=5588"}],"curies":[{"name":"wp","href":"https:\/\/api.w.org\/{rel}","templated":true}]}}

<p><span style="font-weight: 400;">This talk offered a thoughtful and emotional account of the work carried out by the Peruvian curator over the last six years and the ways in which curatorial and collective work intersect, focusing mainly on his experience in Central America. Through a first-person narrative, López reflected on the challenge of developing editorial and exhibition programmes that produce situated knowledge and build bridges between the local and the international, and what it meant to be part of a process that transformed the working structure and governance of TEOR/éTica towards a model of collective leadership. </span></p>
<p><strong>Miguel A. López</strong> is a writer, researcher, and independent curator. His practice focuses primarily on collective processes, experimental art, feminist art, and issues of gender and sexuality as they intersect with processes of political memory. He has published books such as <i>Robar la historia, Contrarrelatos y prácticas artísticas de oposición</i> (Stealing History: Counter-Narratives and Artistic Practices of Opposition, 2017) and <i>Ficciones disidentes en la tierra de la misoginia</i> (Dissident Fictions in the Land of Misogyny, 2019).</p>

<p>On Thursday, 27 November, at 7:00 p.m., Miguel A. López, curator alongside Gala Berger of the exhibition ‘And suddenly there was no more shore,’ visited Il Posto Documentos to give his lecture ‘Curatorship and collective work.’</p>

<!-- This site is optimized with the Yoast SEO plugin v26.1.1 - https://yoast.com/wordpress/plugins/seo/ -->
<title>Curatorship and collective work - IL Posto</title>
<meta name="description" content="On Thursday, 27 November, Miguel A. López visited Il Posto Documentos to give his lecture ‘Curatorship and Collective Work’." />
<meta name="robots" content="index, follow, max-snippet:-1, max-image-preview:large, max-video-preview:-1" />
<link rel="canonical" href="https://www.ilposto.cl/en/event/conference-miguel-a-lopez/" />
<meta property="og:locale" content="en_US" />
<meta property="og:type" content="article" />
<meta property="og:title" content="Curatorship and collective work - IL Posto" />
<meta property="og:description" content="On Thursday, 27 November, Miguel A. López visited Il Posto Documentos to give his lecture ‘Curatorship and Collective Work’." />
<meta property="og:url" content="https://www.ilposto.cl/en/event/conference-miguel-a-lopez/" />
<meta property="og:site_name" content="IL Posto" />
<meta property="article:modified_time" content="2025-10-21T16:07:05+00:00" />
<meta name="twitter:card" content="summary_large_image" />
<meta name="twitter:label1" content="Est. reading time" />
	<meta name="twitter:data1" content="1 minute" />
<script type="application/ld+json" class="yoast-schema-graph">{"@context":"https://schema.org","@graph":[{"@type":"WebPage","@id":"https://www.ilposto.cl/en/event/conference-miguel-a-lopez/","url":"https://www.ilposto.cl/en/event/conference-miguel-a-lopez/","name":"Curatorship and collective work - IL Posto","isPartOf":{"@id":"https://www.ilposto.cl/en/#website"},"datePublished":"2023-03-26T07:18:56+00:00","dateModified":"2025-10-21T16:07:05+00:00","description":"On Thursday, 27 November, Miguel A. López visited Il Posto Documentos to give his lecture ‘Curatorship and Collective Work’.","breadcrumb":{"@id":"https://www.ilposto.cl/en/event/conference-miguel-a-lopez/#breadcrumb"},"inLanguage":"en-US","potentialAction":[{"@type":"ReadAction","target":["https://www.ilposto.cl/en/event/conference-miguel-a-lopez/"]}]},{"@type":"BreadcrumbList","@id":"https://www.ilposto.cl/en/event/conference-miguel-a-lopez/#breadcrumb","itemListElement":[{"@type":"ListItem","position":1,"name":"Portada","item":"https://www.ilposto.cl/en/"},{"@type":"ListItem","position":2,"name":"Curatorship and collective work"}]},{"@type":"WebSite","@id":"https://www.ilposto.cl/en/#website","url":"https://www.ilposto.cl/en/","name":"IL Posto","description":"Another Wordpress site","potentialAction":[{"@type":"SearchAction","target":{"@type":"EntryPoint","urlTemplate":"https://www.ilposto.cl/en/?s={search_term_string}"},"query-input":{"@type":"PropertyValueSpecification","valueRequired":true,"valueName":"search_term_string"}}],"inLanguage":"en-US"}]}</script>
<!-- / Yoast SEO plugin. -->

On Thursday, 27 November, Miguel A. López visited Il Posto Documentos to give his lecture ‘Curatorship and Collective Work’.
